What is the remainder when l is divided by 44?
41
Let c(f) = f**3 + 2*f**2 + 2*f + 12. Let w be c(0). Suppose 2*r = w*r - 60. What is the remainder when 10 is divided by r?
4
Let p = -17 + 49. Calculate the remainder when 3145/25 - (-26)/130 is divided by p.
30
Suppose -7*x + 395 = -2*x. Calculate the remainder when x is divided by (-17)/(-3)*(15 + -12).
11
Let f = 4 - -1. Suppose f*r + 97 - 312 = 0. What is the remainder when r is divided by ((-4)/8)/((-1)/22)?
10
Suppose -2*s - m + 696 = -0*s, 0 = -m - 4. Suppose s - 60 = 5*n. Calculate the remainder when n is divided by 12.
10
Suppose -7*a + 180 = -a. Calculate the remainder when -2*-78*(-3)/(-4) is divided by a.
27
Let l(f) = -f**3 - 57*f**2 - 3*f - 120. What is the remainder when 215 is divided by l(-57)?
11
Suppose 5*p - 3*c - 99 = 0, 16*p - 12*p = -2*c + 66. Calculate the remainder when 249 is divided by p.
15
Let w = 64 - 51. Calculate the remainder when 47 is divided by w.
8
Suppose -54 = -3*x - 2*p - 4, -3*x + 55 = p. Calculate the remainder when 38 is divided by x.
18
Let m be (12/1)/3 - -543. Suppose -r = 4*b - 2*r - 557, 4*b + r = m. Calculate the remainder when b is divided by 7.
5
Let l be 7/(21/2) - 325/(-3). Suppose 236 = 5*t - l. What is the remainder when t is divided by 18?
15
Suppose -3*b - 61 = -4*a, -3*b - 18 = -a + 4. What is the remainder when 817 is divided by a?
11
Suppose 0 = n + 2 - 8. Suppose 0 = 3*o - 2*j + j - 139, -70 = -2*o - 5*j. Suppose -5*y + o = -0*y. Calculate the remainder when y is divided by n.
3
Let i(q) = q**3 + 4*q**2 - 14*q - 7. Let j be i(-6). Suppose -2*s = -2*y + 80, -4*s + 3 = -j. Let a = -5 - -27. What is the remainder when y is divided by a?
20
Let z = -121 - -243. What is the remainder when z is divided by 21?
17
Let t(g) be the third derivative of 5*g**4/12 - 9*g**3 - 24*g**2. Calculate the remainder when t(14) is divided by 22.
20
Suppose -6*l - 30 = -3*l. Let x = 30 + l. What is the remainder when 75 is divided by x?
15
Let q = -7 - -14. Suppose 2*t - q*v = -2*v - 15, 3*t + 5 = 4*v. Let j(l) = -l**3 + 5*l**2 + 7*l - 1. What is the remainder when j(t) is divided by 12?
10
Suppose 148 = 14*r - 2834. What is the remainder when r is divided by 50?
13
Suppose 2*v = 6*v - 8, 3 = -3*a + 3*v. Let g = -75 - -130. Calculate the remainder when g + (2 + a - 1) is divided by 15.
12
Let c(y) = y**3 - 11*y**2 + 16*y - 72. Calculate the remainder when c(12) is divided by 4 + (3 - 4) + 50.
52
Let y(q) = 5*q + 61. Let w(d) = -11*d - 132. Let o(f) = -6*w(f) - 13*y(f). Let k = 16 - 10. Calculate the remainder when 12 is divided by o(k).
2
Suppose 15*i - 1361 = 1309. What is the remainder when i is divided by 9?
7
Suppose -5*u + 1856 = 4*d, -5*u + 129 = 2*d - 799. What is the remainder when d is divided by 78?
74
Let l be (-4)/(-4) + -1 + 0. Let t(k) = k**3 - k**2 - 2*k + 49. What is the remainder when t(l) is divided by 17?
15
Let b(z) = -73*z**2 - 441*z - 8. Suppose -4*w + 366 - 58 = 0. What is the remainder when w is divided by b(-6)?
7
Suppose -3*x = 4*d - 43, -d + 32 = -0*d + 5*x. What is the remainder when 46 is divided by d?
4
Suppose a + a - 51 = 5*u, -4*a + 126 = -2*u. What is the remainder when a is divided by -747*5/(-225) - (-4)/10?
16
Suppose 4*u - 129 = p, -4*u + 4*p + 132 + 12 = 0. Calculate the remainder when 138 is divided by u.
14
Suppose y - 45 = -5*k, -k - 2*k = 3*y - 147. Let j = -31 + y. Calculate the remainder when 74 is divided by j.
17
Suppose -4*r - 2 = -10. Let l(i) = 3*i - r*i - 4*i + 15 + 0*i. Calculate the remainder when l(-11) is divided by 17.
14
Suppose -34*k + 145*k = 777. Calculate the remainder when 263 is divided by k.
4
Let f(k) = k**2 - 2*k + 3. Let v be f(5). Let h = 28 - v. Let y = 9 - 6. Calculate the remainder when h is divided by y.
1
Let c = 35 + 9. Let h(x) = -x**3 - x**2 + x + 15. Let y be (-13 + 13)*(2 - 1). What is the remainder when c is divided by h(y)?
14
Suppose -348 + 596 = 8*g. What is the remainder when 74 is divided by g?
12
Let x = -382 - -411. What is the remainder when 345 is divided by x?
26
Let f be ((-12)/10)/(12/40). Let p(j) = 3*j**2 - 2*j. Let c be p(f). Suppose -8*g + 4*g = -c. Calculate the remainder when 39 is divided by g.
11
Let d(w) = -w**3 - 10*w**2 + 15. Let y be 3 + 0 + (4 - 17). Suppose 4*t + 3*o = 230, -3*t + 87 = 2*o - 86. Calculate the remainder when t is divided by d(y).
14
Suppose -223 = -w - 144. Calculate the remainder when 394 is divided by w.
78
Let c(p) = 4*p - 4. Let m be c(2). Suppose -m*a = -5*x - 65, -2*x - 30 = a - 3*a. What is the remainder when 39 is divided by a?
9
Let n(z) = -3*z + 5. Let f(b) = 4*b - 7. Let t(h) = 5*f(h) + 7*n(h). Calculate the remainder when 18 is divided by t(-7).
4
Suppose 93*o = 114*o - 357. Calculate the remainder when 55 is divided by o.
4
Suppose 0 = p + 2*l - 2, 2*l - 3*l - 6 = -3*p. Suppose 0 = m + m - 8, 0 = -5*i - p*m + 33. What is the remainder when 74 is divided by i?
4
Suppose -x - 24 + 30 = 0. Suppose -393 - 531 = -x*o. Calculate the remainder when o is divided by 39.
37
Suppose r - 34 = 3*v, -101 = -6*r + 2*r + 5*v. What is the remainder when 25 is divided by r?
6
Suppose -2*l - j = -10, 2*l = -l - 4*j + 25. Suppose 5*p = -f - 3*f + 213, p = -3*f + 146. What is the remainder when f is divided by (-1)/l*3 + 13?
11
Let n = -121 + 130. Suppose 10*w - n*w - 11 = 0. Calculate the remainder when 32 is divided by w.
10
Let u = 5 + -1. Let x(p) = -2*p**3 + 6*p**2 - 11*p + 21. Let f be x(4). Let d = 57 + f. What is the remainder when u is divided by d?
0
Calculate the remainder when (-6)/(5/(-2) - -1) - -48 is divided by 171/6 - (-1)/(-2).
24
Let v(n) = n**3 + 14*n**2 - 18*n - 26. Calculate the remainder when 169 is divided by v(-15).
17
Let z = 1564 - 1498. What is the remainder when 221 is divided by z?
23
Let k = 5 - 0. Suppose 2*j = -2*b + 16, 3*b - j + 0*j - 16 = 0. Let u = k + b. Calculate the remainder when u is divided by 5.
1
Let t(h) = h. Let r(d) = d. Let l(x) = -3*r(x) + 4*t(x). Calculate the remainder when 31 is divided by l(11).
9
Suppose -71 - 24 = -2*b + h, -5*b + 239 = -4*h. Suppose -4*a = -2*v - 7 + b, 3*v - 65 = 5*a. What is the remainder when 89 is divided by v?
29
Let f be ((-11)/(-3) + -1)/((-18)/27). Suppose -l = -5*z - 2 - 6, -4*z - 8 = 0. What is the remainder when 67 is divided by (-350)/(-5)*l/f?
32
Suppose 0 = c + c + 92. Suppose 0 = 6*z - 633 + 87. Let a = z + c. Calculate the remainder when a is divided by 24.
21
Let j be (-3 - -2)/((-2)/54). Let t = 42 - j. Let q = 48 - -40. What is the remainder when q is divided by t?
13
Let c(d) = -d**2 + 6*d. Let y be c(6). What is the remainder when (-19)/(y - (2 + -1)) is divided by 10?
9
Suppose -72*q - 525 = -73*q. Calculate the remainder when q is divided by 22.
19
Let i(x) = x**3 - 9*x**2 - 2*x + 9. Let b be i(9). Let y(n) = -13*n - 30. Calculate the remainder when y(b) is divided by 15.
12
Suppose 0 = -w - 2*f + 28, -3*f + 5 = 8. Let s = 370 - 531. Let r = s - -280. What is the remainder when r is divided by w?
29
Suppose 0*i - 280 = -5*i. Let v(k) = k**3 - 19*k**2 + 2*k - 19. Let j be v(19). Suppose 76 = 5*n - j. What is the remainder when i is divided by n?
18
Suppose -2*c - c = -5*t - 41, 0 = -4*c + 3*t + 51. Calculate the remainder when (-2 - -70) + 1 + 0 is divided by (c/18)/(2/54).
15
Suppose -210 = 24*w - 38*w. Calculate the remainder when 88 is divided by w.
13
Let o = 1726 + -1715. What is the remainder when o is divided by 8?
3
Let n be (-1 + -2 + -28)/(-1). Let x = n + -26. Calculate the remainder when 16 is divided by x.
1
Suppose -10*j = -69 - 31. What is the remainder when -1 + 66 - 4/(-4) is divided by j?
6
Let y(o) = 30*o + 2. Let q = -94 - -95. What is the remainder when y(q) is divided by 11?
10
Suppose -a = 13*a - 28. Let d(l) = 4*l + 1. Let m be d(1). Let f = 0 + m. Calculate the remainder when f is divided by a.
1
Let n(u) = 2*u - 6. Let l be n(3). Suppose -5*z = -2*h + 189, l = 5*h - 0*h - 5*z - 435. Let a(y) = -22*y - 1. What is the remainder when h is divided by a(-1)?
19
Let f(j) = -13*j**3 - 2*j**2 + 1. Let i = 14 - 15. Let q be f(i). Let p(d) = d - 6. What is the remainder when p(q) is divided by 4?
2
Let r = -53 + 95. Let x(m) be the first derivative of 2*m**2 - 18*m + 17. What is the remainder when r is divided by x(10)?
20
Let o(v) 